{"id":43415,"date":"2023-04-19T10:33:27","date_gmt":"2023-04-19T10:33:27","guid":{"rendered":"https:\/\/mallorcadisseny.com\/calasanvicente\/politica-de-privacidad\/"},"modified":"2024-05-10T10:43:15","modified_gmt":"2024-05-10T10:43:15","slug":"privacy-policy","status":"publish","type":"page","link":"https:\/\/www.calasanvicente.es\/en\/privacy-policy\/","title":{"rendered":"Privacy Policy"},"content":{"rendered":"\t\t<div data-elementor-type=\"wp-page\" data-elementor-id=\"43415\" class=\"elementor elementor-43415 elementor-36955\">\n\t\t\t\t\t\t<section class=\"elementor-section elementor-top-section elementor-element elementor-element-da5d301 elementor-section-boxed elementor-section-height-default elementor-section-height-default\" data-id=\"da5d301\" data-element_type=\"section\">\n\t\t\t\t\t\t<div class=\"elementor-container elementor-column-gap-default\">\n\t\t\t\t\t<div class=\"elementor-column elementor-col-100 elementor-top-column elementor-element elementor-element-3ef58d9\" data-id=\"3ef58d9\" data-element_type=\"column\">\n\t\t\t<div class=\"elementor-widget-wrap elementor-element-populated\">\n\t\t\t\t\t\t<div class=\"elementor-element elementor-element-59f9b97 elementor-widget elementor-widget-heading\" data-id=\"59f9b97\" data-element_type=\"widget\" data-widget_type=\"heading.default\">\n\t\t\t\t<div class=\"elementor-widget-container\">\n\t\t\t<style>\/*! elementor - v3.22.0 - 24-06-2024 *\/\n.elementor-heading-title{padding:0;margin:0;line-height:1}.elementor-widget-heading .elementor-heading-title[class*=elementor-size-]>a{color:inherit;font-size:inherit;line-height:inherit}.elementor-widget-heading .elementor-heading-title.elementor-size-small{font-size:15px}.elementor-widget-heading .elementor-heading-title.elementor-size-medium{font-size:19px}.elementor-widget-heading .elementor-heading-title.elementor-size-large{font-size:29px}.elementor-widget-heading .elementor-heading-title.elementor-size-xl{font-size:39px}.elementor-widget-heading .elementor-heading-title.elementor-size-xxl{font-size:59px}<\/style><h1 class=\"elementor-heading-title elementor-size-default\">Privacy Policy<\/h1>\t\t<\/div>\n\t\t\t\t<\/div>\n\t\t\t\t<div class=\"elementor-element elementor-element-b66ef9a elementor-widget elementor-widget-text-editor\" data-id=\"b66ef9a\" data-element_type=\"widget\" data-widget_type=\"text-editor.default\">\n\t\t\t\t<div class=\"elementor-widget-container\">\n\t\t\t<style>\/*! elementor - v3.22.0 - 24-06-2024 *\/\n.elementor-widget-text-editor.elementor-drop-cap-view-stacked .elementor-drop-cap{background-color:#69727d;color:#fff}.elementor-widget-text-editor.elementor-drop-cap-view-framed .elementor-drop-cap{color:#69727d;border:3px solid;background-color:transparent}.elementor-widget-text-editor:not(.elementor-drop-cap-view-default) .elementor-drop-cap{margin-top:8px}.elementor-widget-text-editor:not(.elementor-drop-cap-view-default) .elementor-drop-cap-letter{width:1em;height:1em}.elementor-widget-text-editor .elementor-drop-cap{float:left;text-align:center;line-height:1;font-size:50px}.elementor-widget-text-editor .elementor-drop-cap-letter{display:inline-block}<\/style>\t\t\t\t<p>En relaci\u00f3n con el Reglamento General de Protecci\u00f3n de Datos (Reglamento (UE) 2016\/679), y la Ley Org\u00e1nica 3\/2018, de 5 de diciembre, de Protecci\u00f3n de Datos Personales y garant\u00eda de los derechos digitales, le informaremos acerca del uso de su informaci\u00f3n personal, as\u00ed como de otras cuestiones que son de su inter\u00e9s.<\/p><ul><li>Propiedad: Alfonso Tr\u00edas Mora<\/li><li>Direcci\u00f3n: \u00c1lvaro de Baz\u00e1n, 13 bajos 07014 Palma \u2013 Illes Balears<\/li><li>I.F.: 36523900S<\/li><\/ul><p>Para cualquier informaci\u00f3n o necesidad de contacto con nosotros, puede hacerlo a trav\u00e9s del tel\u00e9fono indicado, o bien remiti\u00e9ndonos un correo electr\u00f3nico a la direcci\u00f3n alfonso@calasanvicente.es.<\/p><p>Recogemos sus datos para poder gestionar las peticiones de informaci\u00f3n que nos realiza a trav\u00e9s del formulario de contacto de nuestra web.<\/p><p>Para poder mantener un hist\u00f3rico de peticiones, le informamos que mantendremos sus datos durante dos a\u00f1os.<\/p><p>La base legal del tratamiento de sus datos es el consentimiento que usted nos presta mediante la aceptaci\u00f3n de esta pol\u00edtica de privacidad en el formulario de contacto, tratamiento imprescindible para poder contactar con usted.<\/p><p>Usted debe saber que, por el hecho de tratar sus datos personales, dispone de unos derechos que detallamos a continuaci\u00f3n:<\/p><ul><li>Podr\u00e1 solicitar acceso a todos sus datos personales que tratamos (derecho de acceso).<\/li><li>Tendr\u00e1 derecho a rectificar sus datos, bien porque son inexactos o porque han cambiado (derecho de rectificaci\u00f3n).<\/li><li>Igualmente podr\u00e1 solicitar el borrado de sus datos cuando haya terminado la relaci\u00f3n que nos une. En varias circunstancias, el borrado no podr\u00e1 ser completo debido a la existencia de legislaci\u00f3n que nos obliga a mantenerlos durante un periodo de cinco a\u00f1os (derecho de cancelaci\u00f3n).<\/li><li>Tendr\u00e1 derecho a solicitar que no se traten sus datos personales (derecho de oposici\u00f3n).<\/li><li>Tambi\u00e9n podr\u00e1 solicitar la limitaci\u00f3n del tratamiento de sus datos.<\/li><li>Por \u00faltimo, tendr\u00e1 derecho a que le entreguemos sus datos personales en formato electr\u00f3nico, de forma que sea manejable por usted (derecho a la portabilidad).<\/li><\/ul><p><strong>\u00a0<\/strong><\/p><p><strong>Actualizaci\u00f3n de la pol\u00edtica<\/strong><\/p><p>Esta pol\u00edtica se revisar\u00e1 y actualizar\u00e1 regularmente. Por ello, le recomendamos que visite cada cierto tiempo nuestra p\u00e1gina web para ver los posibles cambios que puedan afectarle. En cualquier caso, nos pondremos en contacto con usted si la pol\u00edtica sufre cambios significativos, a trav\u00e9s del correo electr\u00f3nico que nos haya facilitado.<\/p>\t\t\t\t\t\t<\/div>\n\t\t\t\t<\/div>\n\t\t\t\t\t<\/div>\n\t\t<\/div>\n\t\t\t\t\t<\/div>\n\t\t<\/section>\n\t\t\t\t<section class=\"elementor-section elementor-top-section elementor-element elementor-element-04f2987 elementor-section-boxed elementor-section-height-default elementor-section-height-default\" data-id=\"04f2987\" data-element_type=\"section\">\n\t\t\t\t\t\t<div class=\"elementor-container elementor-column-gap-default\">\n\t\t\t\t\t<div class=\"elementor-column elementor-col-100 elementor-top-column elementor-element elementor-element-3606224\" data-id=\"3606224\" data-element_type=\"column\">\n\t\t\t<div class=\"elementor-widget-wrap\">\n\t\t\t\t\t\t\t<\/div>\n\t\t<\/div>\n\t\t\t\t\t<\/div>\n\t\t<\/section>\n\t\t\t\t<\/div>\n\t\t","protected":false},"excerpt":{"rendered":"<p>Privacy Policy En relaci\u00f3n con el Reglamento General de Protecci\u00f3n de Datos (Reglamento (UE) 2016\/679), y la Ley Org\u00e1nica 3\/2018, de 5 de diciembre, de Protecci\u00f3n de Datos Personales y garant\u00eda de los derechos digitales, le informaremos acerca del uso de su informaci\u00f3n personal, as\u00ed como de otras cuestiones que son de su inter\u00e9s. Propiedad: &#8230;<\/p>\n","protected":false},"author":1,"featured_media":0,"parent":0,"menu_order":0,"comment_status":"closed","ping_status":"closed","template":"elementor_header_footer","meta":{"_monsterinsights_skip_tracking":false,"_monsterinsights_sitenote_active":false,"_monsterinsights_sitenote_note":"","_monsterinsights_sitenote_category":0,"footnotes":""},"class_list":["post-43415","page","type-page","status-publish","hentry"],"aioseo_notices":[],"_links":{"self":[{"href":"https:\/\/www.calasanvicente.es\/en\/wp-json\/wp\/v2\/pages\/43415","targetHints":{"allow":["GET"]}}],"collection":[{"href":"https:\/\/www.calasanvicente.es\/en\/wp-json\/wp\/v2\/pages"}],"about":[{"href":"https:\/\/www.calasanvicente.es\/en\/wp-json\/wp\/v2\/types\/page"}],"author":[{"embeddable":true,"href":"https:\/\/www.calasanvicente.es\/en\/wp-json\/wp\/v2\/users\/1"}],"replies":[{"embeddable":true,"href":"https:\/\/www.calasanvicente.es\/en\/wp-json\/wp\/v2\/comments?post=43415"}],"version-history":[{"count":0,"href":"https:\/\/www.calasanvicente.es\/en\/wp-json\/wp\/v2\/pages\/43415\/revisions"}],"wp:attachment":[{"href":"https:\/\/www.calasanvicente.es\/en\/wp-json\/wp\/v2\/media?parent=43415"}],"curies":[{"name":"wp","href":"https:\/\/api.w.org\/{rel}","templated":true}]}}

<div data-elementor-type="wp-page" data-elementor-id="43415" class="elementor elementor-43415 elementor-36955">
						<section class="elementor-section elementor-top-section elementor-element elementor-element-da5d301 elementor-section-boxed elementor-section-height-default elementor-section-height-default" data-id="da5d301" data-element_type="section">
						<div class="elementor-container elementor-column-gap-default">
					<div class="elementor-column elementor-col-100 elementor-top-column elementor-element elementor-element-3ef58d9" data-id="3ef58d9" data-element_type="column">
			<div class="elementor-widget-wrap elementor-element-populated">
						<div class="elementor-element elementor-element-59f9b97 elementor-widget elementor-widget-heading" data-id="59f9b97" data-element_type="widget" data-widget_type="heading.default">
				<div class="elementor-widget-container">
			<style>/*! elementor - v3.22.0 - 24-06-2024 */
.elementor-heading-title{padding:0;margin:0;line-height:1}.elementor-widget-heading .elementor-heading-title[class*=elementor-size-]>a{color:inherit;font-size:inherit;line-height:inherit}.elementor-widget-heading .elementor-heading-title.elementor-size-small{font-size:15px}.elementor-widget-heading .elementor-heading-title.elementor-size-medium{font-size:19px}.elementor-widget-heading .elementor-heading-title.elementor-size-large{font-size:29px}.elementor-widget-heading .elementor-heading-title.elementor-size-xl{font-size:39px}.elementor-widget-heading .elementor-heading-title.elementor-size-xxl{font-size:59px}</style><h1 class="elementor-heading-title elementor-size-default">Privacy Policy</h1>		</div>
				</div>
				<div class="elementor-element elementor-element-b66ef9a elementor-widget elementor-widget-text-editor" data-id="b66ef9a" data-element_type="widget" data-widget_type="text-editor.default">
				<div class="elementor-widget-container">
			<style>/*! elementor - v3.22.0 - 24-06-2024 */
.elementor-widget-text-editor.elementor-drop-cap-view-stacked .elementor-drop-cap{background-color:#69727d;color:#fff}.elementor-widget-text-editor.elementor-drop-cap-view-framed .elementor-drop-cap{color:#69727d;border:3px solid;background-color:transparent}.elementor-widget-text-editor:not(.elementor-drop-cap-view-default) .elementor-drop-cap{margin-top:8px}.elementor-widget-text-editor:not(.elementor-drop-cap-view-default) .elementor-drop-cap-letter{width:1em;height:1em}.elementor-widget-text-editor .elementor-drop-cap{float:left;text-align:center;line-height:1;font-size:50px}.elementor-widget-text-editor .elementor-drop-cap-letter{display:inline-block}</style>				<p>En relación con el Reglamento General de Protección de Datos (Reglamento (UE) 2016/679), y la Ley Orgánica 3/2018, de 5 de diciembre, de Protección de Datos Personales y garantía de los derechos digitales, le informaremos acerca del uso de su información personal, así como de otras cuestiones que son de su interés.</p><ul><li>Propiedad: Alfonso Trías Mora</li><li>Dirección: Álvaro de Bazán, 13 bajos 07014 Palma – Illes Balears</li><li>I.F.: 36523900S</li></ul><p>Para cualquier información o necesidad de contacto con nosotros, puede hacerlo a través del teléfono indicado, o bien remitiéndonos un correo electrónico a la dirección alfonso@calasanvicente.es.</p><p>Recogemos sus datos para poder gestionar las peticiones de información que nos realiza a través del formulario de contacto de nuestra web.</p><p>Para poder mantener un histórico de peticiones, le informamos que mantendremos sus datos durante dos años.</p><p>La base legal del tratamiento de sus datos es el consentimiento que usted nos presta mediante la aceptación de esta política de privacidad en el formulario de contacto, tratamiento imprescindible para poder contactar con usted.</p><p>Usted debe saber que, por el hecho de tratar sus datos personales, dispone de unos derechos que detallamos a continuación:</p><ul><li>Podrá solicitar acceso a todos sus datos personales que tratamos (derecho de acceso).</li><li>Tendrá derecho a rectificar sus datos, bien porque son inexactos o porque han cambiado (derecho de rectificación).</li><li>Igualmente podrá solicitar el borrado de sus datos cuando haya terminado la relación que nos une. En varias circunstancias, el borrado no podrá ser completo debido a la existencia de legislación que nos obliga a mantenerlos durante un periodo de cinco años (derecho de cancelación).</li><li>Tendrá derecho a solicitar que no se traten sus datos personales (derecho de oposición).</li><li>También podrá solicitar la limitación del tratamiento de sus datos.</li><li>Por último, tendrá derecho a que le entreguemos sus datos personales en formato electrónico, de forma que sea manejable por usted (derecho a la portabilidad).</li></ul><p><strong> </strong></p><p><strong>Actualización de la política</strong></p><p>Esta política se revisará y actualizará regularmente. Por ello, le recomendamos que visite cada cierto tiempo nuestra página web para ver los posibles cambios que puedan afectarle. En cualquier caso, nos pondremos en contacto con usted si la política sufre cambios significativos, a través del correo electrónico que nos haya facilitado.</p>						</div>
				</div>
					</div>
		</div>
					</div>
		</section>
				<section class="elementor-section elementor-top-section elementor-element elementor-element-04f2987 elementor-section-boxed elementor-section-height-default elementor-section-height-default" data-id="04f2987" data-element_type="section">
						<div class="elementor-container elementor-column-gap-default">
					<div class="elementor-column elementor-col-100 elementor-top-column elementor-element elementor-element-3606224" data-id="3606224" data-element_type="column">
			<div class="elementor-widget-wrap">
							</div>
		</div>
					</div>
		</section>
				</div>

<p>Privacy Policy En relación con el Reglamento General de Protección de Datos (Reglamento (UE) 2016/679), y la Ley Orgánica 3/2018, de 5 de diciembre, de Protección de Datos Personales y garantía de los derechos digitales, le informaremos acerca del uso de su información personal, así como de otras cuestiones que son de su interés. Propiedad: &#8230;</p>
